33
Let l(u) = 2*u**2 + 46*u - 103. Calculate l(-25).
-3
Let w(f) = 3*f**3 - 29*f**2 - 50*f + 373. Calculate w(10).
-27
Let g(s) = -205*s + 818. What is g(4)?
-2
Let k(c) = -37*c + 1062. Give k(28).
26
Let z(j) = -6*j - 222. What is z(-36)?
-6
Let n(u) = -59*u + 536. Calculate n(9).
5
Let n(w) = w**3 + 3*w**2 - 79*w + 3. Determine n(6).
-147
Let p(z) = -z**2 - 7*z + 639. Give p(-29).
1
Let s(a) = a**2 - 3*a - 486. Give s(33).
504
Let y(u) = 8*u**2 + 70*u - 19. Determine y(-8).
-67
Let s(f) = 25*f**2 + 16*f - 16. Give s(1).
25
Let u(q) = 3*q**3 - 219*q**2 - 185*q + 13508. Calculate u(73).
3
Let v(d) = -12*d**2 - 77*d - 16. What is v(-6)?
14
Let t(v) = -138*v - 3868. Determine t(-28).
-4
Let q(r) = -5*r**3 - 3*r + 7. Determine q(-3).
151
Let v(o) = -o**2 - 86*o - 1059. Calculate v(-15).
6
Let j(l) = -l**2 + 64*l - 966. What is j(40)?
-6
Let z(m) = -m**3 - 5*m**2 + 39*m + 122. Calculate z(-3).
-13
Let l(b) = 285*b - 2483. Determine l(8).
-203
Let g(p) = 3*p**2 - 3*p + 19. Determine g(9).
235
Let m(h) = -71*h + 678. Determine m(10).
-32
Let t(w) = 33*w + 29. Calculate t(-5).
-136
Let g(r) = 336*r - 52077. Give g(155).
3
Let p(n) = -32*n - 43. What is p(-8)?
213
Let x(h) = -h**2 - 29*h - 211. What is x(-17)?
-7
Let c(s) = s**3 + 15*s**2 + 25*s + 32. Calculate c(-14).
-122
Let l(f) = 105*f + 2323. Calculate l(-22).
13
Let r(l) = l**3 + 3*l**2 - 55*l + 43. Determine r(5).
-32
Let s(g) = 2*g**3 + g**2 - 10*g - 2. Determine s(2).
-2
Let p(m) = -m**3 + 8*m**2 - 27*m - 137. Determine p(-3).
43
Let s(m) = 11*m**2 - 281*m + 1735. What is s(15)?
-5
Let q(f) = f**3 + 6*f**2 + 79*f + 302. What is q(-4)?
18
Let k(s) = 107*s - 5362. What is k(50)?
-12
Let a(q) = -14*q**2 - 19*q - 56. What is a(-3)?
-125
Let l(v) = v**3 - 2*v**2 - 18*v - 3. What is l(-5)?
-88
Let k(q) = q**3 + 15*q**2 + 74*q + 120. Give k(-7).
-6
Let s(d) = 680*d**2 + 5431*d - 5. Give s(-8).
67
Let g(d) = 14*d + 176. Determine g(-11).
22
Let i(b) = 44*b - 280. Calculate i(7).
28
Let g(z) = -z**3 - 35*z**2 - 41*z - 45. What is g(-34)?
193
Let u(b) = 54*b + 32. Determine u(2).
140
Let w(a) = a**3 - 321*a**2 - 331*a + 2899. Determine w(322).
1
Let o(n) = -2*n**2 - 49*n - 73. Calculate o(-28).
-269
Let w(s) = -s**2 - 6*s - 34. Give w(12).
-250
Let l(w) = -w**3 - 7*w**2 + 12*w - 38. What is l(-9)?
16
Let f(s) = -3*s**2 + 227*s - 344. Give f(74).
26
Let x(w) = -w**3 + 23*w**2 - 25*w - 382. Determine x(21).
-25
Let k(v) = 7*v**2 + 24*v + 93. What is k(-9)?
444
Let g(j) = j**3 - 8*j**2 - 2*j - 30. What is g(6)?
-114
Let i(r) = -37*r**2 + 26*r - 39. What is i(2)?
-135
Let y(h) = h**3 - 10*h**2 + 11*h + 17. Calculate y(7).
-53
Let i(m) = 3*m**3 + 1133*m**2 - 406*m - 10585. Calculate i(-378).
-1
Let f(a) = 3*a**2 - 70*a - 211. Calculate f(-3).
26
Let o(m) = -15*m + 211. Calculate o(11).
46
Let b(l) = -2*l**3 - l**2 - 15*l + 77. Determine b(4).
-127
Let g(k) = -6*k**3 - k**2 - 26*k + 27. Give g(1).
-6
Let h(x) = -39*x + 401. Determine h(6).
167
Let f(z) = z**3 + 38*z**2 + 4*z + 8. Calculate f(-38).
-144
Let n(f) = -27*f**2 + 372*f - 264. Give n(13).
9
Let s(k) = 644*k + 4459. Determine s(-7).
-49
Let k(s) = s**3 + 21*s**2 + 42*s - 209. What is k(-18)?
7
Let u(v) = v**2 - 28*v - 1746. Determine u(-30).
-6
Let i(t) = -18*t - 363. Calculate i(14).
-615
Let k(h) = 7*h**3 - 125*h**2 - 19*h - 113. Calculate k(18).
-131
Let z(c) = c**2 + 26*c - 186. Give z(-32).
6
Let d(c) = 3*c**3 + 2*c**2 - 2*c - 5. Give d(-2).
-17
Let w(j) = j**3 + 10*j**2 + 9*j. Give w(-8).
56
Let r(m) = -2*m**2 + 38*m + 74. Give r(22).
-58
Let b(y) = 94*y + 3312. What is b(-35)?
22
Let b(v) = 9*v - 129. What is b(12)?
-21
Let o(t) = 9*t + 333. Determine o(-29).
72
Let b(o) = -o**3 + 5*o**2 - 20*o + 98. Calculate b(5).
-2
Let i(p) = -p**2 - 51*p + 64. Give i(-52).
12
Let g(f) = -7*f**3 + 133*f**2 - 4*f + 12. Give g(19).
-64
Let t(a) = 25*a - 2064. Calculate t(83).
11
Let a(h) = -3*h**2 + 11*h + 5. Calculate a(7).
-65
Let a(y) = -30*y - 71. Calculate a(6).
-251
Let p(d) = -d**3 - 50*d**2 + 49*d + 2451. Calculate p(-50).
1
Let y(p) = -89*p - 8103. What is y(-91)?
-4
Let j(m) = -483*m + 957. Calculate j(2).
-9
Let r(g) = g**2 + 57. Determine r(-13).
226
Let j(x) = -x**2 - 34*x + 116. Give j(-37).
5
Let y(i) = -17*i - 1062. Calculate y(-75).
213
Let c(s) = 61*s + 1644. Give c(-28).
-64
Let n(g) = 125*g - 3498. What is n(28)?
2
Let d(v) = v**3 + 38*v**2 - 260*v - 14. Calculate d(6).
10
Let b(q) = 191*q + 703. Calculate b(-4).
-61
Let g(x) = -16*x**2 + 236*x - 171. Calculate g(14).
-3
Let m(f) = 5*f + 147. Calculate m(18).
237
Let i(w) = -w**2 + 84*w + 197. Determine i(86).
25
Let n(a) = -a**3 - 36*a**2 - 64*a + 78. Calculate n(-34).
-58
Let t(a) = 12*a + 49. Determine t(2).
73
Let c(l) = -l**3 - 21*l**2 - 53*l - 5. Give c(-18).
-23
Let r(d) = -d**3 - 72*d**2 - d - 72. Determine r(-72).
0
Let v(f) = -41*f + 1159. Determine v(28).
11
Let j(a) = a**2 + 5*a - 9. Calculate j(3).
15
Let v(l) = l**2 - 22*l + 102. Determine v(13).
-15
Let i(q) = q**3 - 20*q**2 + 130*q + 907. Determine i(-4).
3
Let n(i) = i**3 + 8*i**2 - 4*i + 7. Give n(-9).
-38
Let b(p) = 2*p**2 + 9*p - 164. What is b(8)?
36
Let h(f) = -4*f**2 - 419*f - 2515. Calculate h(-6).
-145
Let q(d) = -244*d + 1135. What is q(7)?
-573
Let h(r) = -183*r + 10608. What is h(58)?
-6
Let t(y) = 183*y - 168. Give t(1).
15
Let y(a) = -a**3 + 7*a**2 + 12*a + 2. Determine y(7).
86
Let o(i) = -i**3 + 9*i**2 + 54*i + 7. What is o(-4)?
-1
Let c(j) = j**2 + 2*j - 11. Calculate c(0).
-11
Let d(g) = -51*g - 3732. What is d(-66)?
-366
Let q(s) = s**3 + 10*s**2 + s - 12. What is q(0)?
-12
Let j(n) = 81*n + 151. Determine j(-1).
70
Let h(i) = -i**3 - 55*i**2 + 11*i + 583. Calculate h(-55).
-22
Let o(w) = w**3 + 135*w**2 - 72*w - 44958. Calculate o(-133).
-4
Let h(m) = 2*m**3 - 3*m**2 + 9*m + 38. Calculate h(-3).
-70
Let y(g) = g**3 + 48*g**2 - 1359*g - 39. Determine y(20).
-19
Let y(x) = -46*x**3 - 330*x**2 - 58*x - 13. What is y(-7)?
1
Let r(x) = -2*x**2 - 1600*x - 1601. Determine r(-1).
-3
Let s(a) = 2*a**3 + 8*a**2 + 43*a + 94. Determine s(-3).
-17
Let x(j) = 128*j - 3843. What is x(30)?
-3
Let f(q) = -q**3 + 99*q**2 + 97*q + 203. What is f(100)?
-97
Let v(f) = 2*f**2 - 8*f - 165. Give v(-7).
-11
Let k(p) = -p**2 - 337*p - 670. Calculate k(-2).
0
Let d(y) = -y**3 - 16*y**2 - 17*y - 20. What is d(-14)?
-174
Let j(s) = 19*s - 758. Give j(26).
-264
Let i(p) = -31*p + 475. Calculate i(10).
165
Let b(l) = 4*l + 72. Give b(-36).
-72
Let x(s) = -s**3 - 16*s**2 - 32*s - 104. Give x(-14).
-48
Let f(p) = 18*p**2 - 139*p - 18. Give f(7).
-109
Let l(g) = -4*g**2 + 479*g + 2139. What is l(124)?
31
Let x(a) = 2018*a - 38318. Calculate x(19).
24
Let u(a) = -6*a**2 + 212*a - 49. What is u(35)?
21
Let a(v) = -15*v**2 - 8*v + 5. What is a(2)?
-71
Let i(r) = -2*r**2 + 4*r + 2889. Determine i(-37).
3
Let t(b) = -2*b**3 - 81*b**2 - 39*b + 86. Give t(-40).
46
Let w(f) = 126*f - 360. Determine w(7).
522
Let f(h) = -182*h + 59123. Determine f(325).
-27
Let w(s) = 1214*s - 24277. What is w(20)?
3
Let a(w) = -61*w - 1206. Give a(-18).
-108
Let a(u) = -14*u + 134. Give a(9).
8
Let b(u) = -u**3 + 3*u**2 - 53*u + 319. Give b(5).
4
Let d(k) = 2*k**3 + 13*k**2 - k - 43. What is d(-6)?
-1
Let t(l) = l**2 + 29*l + 216. Give t(-10).
26
Let o(k) = 20*k + 327. What is o(-15)?
27
Let p(x) = -21*x**3 - 4*x**2 - 12*x + 10. Calculate p(1).
-27
Let a(l) = -3*l**2 - 14*l - 22. Calculate a(-9).
-139
Let u(w) = w**3 - 3*w**2 - 21*w - 37. What is u(-2)?
-15
Let i(p) = 4*p**2 + 137*p - 126. What is i(-29)?
-735
Let k(g) = g**3 - 6*g**2 + 21*g - 140. Calculate k(11).
696
Let k(r) = -10*r**3 + 69*r**2 + 272*r - 1852. Determine k(7).
3
Let h(q) = 83*q**2 + 1495*q + 12. Calculate h(-18).
-6
Let f(b) = -b**3 + 48*b**2 - 94*b + 65. What is f(46)?
-27
Let a(f) = -f**3 - 4*f**2 + 50*f + 7. Determine a(-9).
-38
Let h(t) = 3*t**3 + 75*t**2 + 68*t + 16. What is h(-24)?
112
Let f(v) = -v**2 - 5*v + 500. Give f(-25).
0
Let l(g) = -g**3 + 57*g**2 + 68*g - 578. Determine l(58).
2
Let s(x) = 241*x - 6257. Calculate s(26).
9
Let w(g) = g**3 + 10*g**2 - 89*g - 64. Give w(-16).
-176
Let h(j) = -108*j + 248. Calculate h(2).
32
Let j(d) = d**2 + 194*d + 3466. Give j(-20).
-14
Let j(h) = -13*h + 19. Determine j(2).
-7
Let p(f) = 94*f**2 - 307*f - 3. Calculate p(3).
-78
Let n(i